er when 106 is divided by (22/d)/((-2)/(-24)*-4)?
18
Calculate the remainder when 95 is divided by 74*1/((4 + 133/(-35))*5).
21
Let b(w) = 28*w - 53. Suppose -1 - 26 = -9*y. Calculate the remainder when 112 is divided by b(y).
19
Let m be (-633)/(-8) - (-53)/(-424). Suppose -m*g = -86*g + 266. Calculate the remainder when g is divided by 16.
6
Suppose 0 = 4*n + 5*u - u - 12, -3*u + 3 = n. Suppose n*h + 5*a - 191 - 49 = 0, a = 0. Calculate the remainder when h is divided by 27.
26
Let v(f) = 2*f**2 + 20*f + 2. Let x be v(-10). Suppose -x*n = -8, -n - 259 = -3*h + 214. Calculate the remainder when h is divided by 9.
6
Calculate the remainder when 315 is divided by 112/(-6)*((-304)/64 + 4).
7
Suppose 31*m = -3*f + 32*m + 102, 2*f - 67 = m. What is the remainder when 1082 is divided by f?
32
Let m = 620 + -403. What is the remainder when m is divided by (-9 - (-2366)/260)*580?
43
Let v(k) = -106*k**2 + 5*k - 6. Let b be v(1). Let f = 161 + b. What is the remainder when 212 is divided by f?
50
Let z(r) = -4*r**3 + 292*r**2 - 5*r + 483. Suppose 6*c - 4*c - 6 = 0. Suppose -120 = -2*m - c*m. What is the remainder when z(73) is divided by m?
22
Let y be (5 + 21)/1 + -7 + 2. Suppose -45*k + y*k = -5520. Calculate the remainder when k is divided by 11.
10
Let s = 37630 - 37282. Calculate the remainder when s is divided by 122.
104
Let f = 786 - 755. Suppose -f*h - 633 = -34*h. Calculate the remainder when h is divided by 36.
31
Let u(q) = q**3 - 9*q**2 - 15*q + 9. Let n be u(13). Suppose 319*z - 329*z + n = 0. Calculate the remainder when 123 is divided by z.
25
Let g(l) = l + 368. Let k be g(0). Suppose 2*v = 2*f + k, 3*f + 265 - 817 = -3*v. What is the remainder when v is divided by 3*(-3*4/(-36) - -12)?
36
Let n(l) = -128*l**2 + 763*l + 39. Let d = 204 - 136. Let y = 2 + d. Calculate the remainder when y is divided by n(6).
7
Suppose 50*a - 45*a - 3*y - 687 = 0, y = 4*a - 544. Suppose -z + 0*s + a = -s, 0 = 5*s - 25. Calculate the remainder when z is divided by 25.
15
Suppose 9*g - 210 = 14*g. Let y = 23 - g. Calculate the remainder when 124 is divided by y.
59
Let f(q) = q**3 - 74*q**2 + 3*q - 51. What is the remainder when f(74) is divided by 97?
74
Let r(d) = d**3 - 2*d**2 - d - 5. Calculate the remainder when 19 - (10368/(-16))/18 is divided by r(4).
9
Let m = 143 - -81. Suppose 5*j - d = 384, -5*j + 162 = d - m. Calculate the remainder when j is divided by 22.
11
Let c(l) = l**2 - 24*l + 142. Let g(k) = -k**2 + 6*k - 5. Calculate the remainder when c(9) is divided by g(4).
1
Let s = -327 - -450. Let n = 143 - s. What is the remainder when 98 is divided by n?
18
Suppose -3*g + 15 = 5*j, -5*j - 13 + 18 = 5*g. Calculate the remainder when 1942 is divided by j.
4
Let w(q) = -188*q + 1334. What is the remainder when 164 is divided by w(7)?
2
Let r = 5111 + -4992. Calculate the remainder when 235 is divided by r.
116
Calculate the remainder when 2/36 + (-750433)/(-2034) is divided by 61.
3
Let v be (2*9/30)/(2/60). Suppose 14*k = m + v*k - 31, m - 4*k - 71 = 0. Calculate the remainder when m is divided by 18.
15
Let i(t) = 2*t**2 + 11. What is the remainder when 16*((-630)/24)/7*-5 is divided by i(-4)?
42
Suppose 5*r + 114 = 104. Let m = r + 19. What is the remainder when 0 - 2 - (4 - 89) is divided by m?
15
Suppose -4*u = -7*u + 216. What is the remainder when u is divided by ((-8)/(-32))/((-21)/168) - (-29 - -1)?
20
Suppose 0 = -50*q - 36*q + 11954. What is the remainder when 3611 is divided by q?
136
Suppose 28*n + 357 + 7707 = 0. Let a = n + 322. Calculate the remainder when 67 is divided by a.
33
What is the remainder when 440 is divided by ((-30)/7*1)/(15/(-770))?
0
Suppose 0 = 22*x - 42*x + 200. What is the remainder when 258 is divided by x?
8
Let a(u) = -u**3 - u**2 + 20*u - 12. Let x be a(-5). What is the remainder when 56 is divided by x/16 + 602/56?
6
Calculate the remainder when 188 is divided by (-17236)/(-372) + (-1)/3.
4
Suppose 1540 = 34*t - 6*t. Let s(g) = g**3 + 7*g**2 + 3*g + 9. Let z be s(-6). Let w = z - 8. Calculate the remainder when t is divided by w.
17
Suppose 294*z - 86 - 58 = 246*z. What is the remainder when 229 is divided by z?
1
Let d = 720 + -484. Let l(q) = 2*q**2 + 126*q - 1962. Calculate the remainder when d is divided by l(-76).
12
Let h = 156 + -18. Suppose 11*v - 170 = h. What is the remainder when v is divided by 6?
4
Let g(j) = -7*j + 50. Let a(y) = -5*y + 28. Let k be a(4). Let m be g(k). Calculate the remainder when 24 is divided by (-2)/6 + (-1)/m*20.
0
What is the remainder when 20*(586/90 - (232/(-18) - -13)) is divided by 4?
0
Suppose -16*z = 6*z - 22. Let a(n) = 0*n**2 + 5*n**2 + 4 + 1 - 2*n - 3*n. What is the remainder when 8 is divided by a(z)?
3
Suppose -340 = -4*i - i. Suppose -8280 = 66*l + 166*l - 70224. What is the remainder when l is divided by i?
63
Suppose 8*t - 36 = -4*t. Suppose 0 = -s - 27 + 91. Calculate the remainder when s is divided by t/3*3 + 3.
4
Suppose 156*u - 4451 = 8965. What is the remainder when 853 is divided by u?
79
Let v(u) = -u + 3*u + 31 - 3*u. Suppose -103*o + 77*o + 468 = 0. What is the remainder when 64 is divided by v(o)?
12
Suppose 450*o - 453*o = 0. Suppose -10*c + 169 + 61 = o. Calculate the remainder when 59 is divided by c.
13
Let a(o) = -o**3 - 14*o**2 + 570*o - 23. What is the remainder when a(-33) is divided by 13?
12
Calculate the remainder when 1066 is divided by (1 - -7) + (4 - 11) + 10.
10
Suppose w + 3*d - 5*d - 14 = 0, -5*w = -4*d - 58. Calculate the remainder when (56/w)/(5/(-8 - -133)) is divided by 30.
20
Let t(x) = x**3 + 9*x**2 - 13*x - 67. Calculate the remainder when 407 is divided by t(-8).
3
Let u = -18955 - -25406. Calculate the remainder when u is divided by 68.
59
Let c(j) = j**3 + 26*j**2 + 98*j + 5. Let d(u) = 6*u - 87. Let m be d(11). What is the remainder when c(m) is divided by 52?
48
Suppose x = 1 - 1. Calculate the remainder when (4 + -4 + (1 - x))*107 is divided by 37.
33
What is the remainder when 1 - ((-9456)/27 - (-34)/153) is divided by 16?
15
Let x = 77 + -110. Let p = -7 - x. Calculate the remainder when 61 is divided by p.
9
What is the remainder when 2653 is divided by ((-451858)/133)/(-23) - (2/(-7) - 0)?
137
Suppose 0 = 16*q + 1782 + 1082. Let k = q + 248. Calculate the remainder when 265 is divided by k.
58
Calculate the remainder when 3129 is divided by (-4)/(-32)*-6 + (-3 - (-469)/28).
9
Suppose -3*p = -165 - 510. Suppose 0*x - 3*z - p = -x, -4*x - 3*z + 870 = 0. Suppose 0 = -0*l - 3*l + x. Calculate the remainder when l is divided by 38.
35
Calculate the remainder when 11761/20 + (-251)/5020 is divided by 74.
70
Let x = 47 - 44. Suppose i - x*i + 17 = 3*f, i + f = 7. Suppose 4*b + 30 = 114. What is the remainder when b is divided by i?
1
Let r = 349 + 103. Suppose 11*s - r = -78. What is the remainder when s is divided by 8?
2
Calculate the remainder when 244 is divided by 3*2*(-3575)/(-330) - 3.
58
Let n = 46 + -7. Suppose 199 = 4*q + l - 418, 2*l - 469 = -3*q. What is the remainder when q is divided by n?
36
Let c be (4 + 20/(-8))*(-32)/(-12). Let i(d) = d**3 + 2*d**2 - 12*d + 7. What is the remainder when i(c) is divided by 16?
7
Suppose 3*t + 5*d = 53, -16*t + 23 = -15*t + 3*d. What is the remainder when 176 is divided by t?
0
Suppose 49*q = -8539 + 40977. Calculate the remainder when q is divided by 83.
81
Suppose -2*s = 5*c - 44, 3*s + 17 = -2*c + 28. Calculate the remainder when 2230 is divided by c.
0
Let r = -171 + 167. What is the remainder when 170 is divided by (-236)/r - 8/4?
56
Let r(w) = 15*w**2 + 10 - 4*w**2 - w**3 - 10*w + 4 + 10. Let x be r(10). Suppose -x*s + 24 = -20*s. Calculate the remainder when s is divided by 3.
0
Let w be (-60)/50*5/2. Let s(b) = -7*b - 7. Suppose -62*h + 26*h + 2366 = 55*h. What is the remainder when h is divided by s(w)?
12
Let s = -51 + 60. Let c be s + (45/30 - 7/2). Suppose -2*x + 118 = c*a - 6*a, -a + 4 = 0. What is the remainder when x is divided by 16?
9
Let m(x) = -32*x + 3. Suppose 0 = -4*f + 10 - 46. Let w = -173514 - -173535. Calculate the remainder when m(f) is divided by w.
18
Let v(g) be the third derivative of -g**6/120 + g**5/5 - 5*g**4/12 + 5*g**3/6 - 30*g**2. Calculate the remainder when v(11) is divided by 6.
4
Let b = 175 - 181. What is the remainder when 